{"id":30913,"date":"2022-02-15T14:48:55","date_gmt":"2022-02-15T14:48:55","guid":{"rendered":"https:\/\/www.migrantech.org\/?post_type=lp_course&#038;p=9876"},"modified":"2022-12-07T16:04:43","modified_gmt":"2022-12-07T16:04:43","slug":"la-communication-interculturelle-en-entreprise","status":"publish","type":"lp_course","link":"https:\/\/www.migrantech.org\/fr\/courses\/la-communication-interculturelle-en-entreprise\/","title":{"rendered":"La communication interculturelle dans l&rsquo;environnement professionnel"},"content":{"rendered":"<p><img fetchpriority=\"high\" decoding=\"async\" class=\"size-medium wp-image-21587 aligncenter\" src=\"https:\/\/www.migrantech.org\/wp-content\/uploads\/2022\/02\/3501789-scaled-600x429.jpg\" alt=\"\" width=\"600\" height=\"429\" \/><\/p>\n<p><b>Description ou pr\u00e9sentation:<\/b><\/p>\n<p style=\"text-align: justify;\"><span style=\"font-weight: 400;\">Dans ce module, nous allons d\u00e9montrer l\u2019importance de la communication interculturelle dans un contexte professionnel regroupant des personnes venant d\u2019horizons divers. Les diff\u00e9rences culturelles sont effectivement perceptibles dans le monde professionnel et plus particuli\u00e8rement en entreprise o\u00f9 les interactions sociales sont nombreuses et quotidiennes. Le but est de r\u00e9pondre aux d\u00e9fis li\u00e9s \u00e0 ces diff\u00e9rences culturelles (barri\u00e8res linguistiques, coutumes, langage corporel, attitudes, vision du monde\u2026), lesquels peuvent devenir de potentiels sources de tensions\/conflits en entreprise.\u00a0<\/span><\/p>\n<p>&nbsp;<\/p>\n<p><b>Comp\u00e9tences \u00e0 acqu\u00e9rir:<\/b><\/p>\n<ul>\n<li style=\"font-weight: 400;\" aria-level=\"1\"><span style=\"font-weight: 400;\">Prendre conscience de la chance que repr\u00e9sente l\u2019interculturalit\u00e9 au sein de l\u2019entreprise<\/span><\/li>\n<li aria-level=\"1\">Communiquer plus facilement dans son environnement professionnel<\/li>\n<li style=\"font-weight: 400;\" aria-level=\"1\"><span style=\"font-weight: 400;\">Se sentir plus \u00e0 l\u2019aise dans ses relations avec ses coll\u00e8gues et sa hi\u00e9rarchie\u00a0<\/span><\/li>\n<li style=\"font-weight: 400;\" aria-level=\"1\"><span style=\"font-weight: 400;\">Comprendre que les codes sociaux diff\u00e9rent selon les pays et les cultures<\/span><\/li>\n<li style=\"font-weight: 400;\" aria-level=\"1\"><span style=\"font-weight: 400;\">Sortir de son r\u00e9f\u00e9rentiel culturel pour mieux comprendre comment agissent et r\u00e9agissent les autres\u00a0<\/span><\/li>\n<\/ul>\n<p>&nbsp;<\/p>\n<p><b>Dur\u00e9e: <\/b><span style=\"font-weight: 400;\">3 heures<\/span><b>\u00a0<\/b><\/p>\n<p>&nbsp;<\/p>\n<p><strong>CONTENU ET OUTILS DE DEVELOPPEMENT : <\/strong><\/p>\n<ul>\n<li><strong>Section 1\u00a0:<\/strong> Qu\u2019est que la communication interculturelle\u00a0?<\/li>\n<li><strong>Section 2\u00a0:<\/strong> Pourquoi la communication interculturelle \u00e9tait-elle importante dans le monde de l\u2019entreprise\u00a0?<\/li>\n<li><strong>Section 3\u00a0:<\/strong> Quels les obstacles \u00e0 la communication interculturelle\u00a0?<\/li>\n<li><strong>Section 4\u00a0:<\/strong> Comment parler de ma culture et de ma vision des choses\u00a0? \u2013 la m\u00e9thode de l&rsquo;interculturel en entreprise<\/li>\n<li><strong>Section 5\u00a0:<\/strong> Quelques id\u00e9es \u00e0 appliquer au sein de son entreprise pour am\u00e9liorer la communication interculturelle &#8211; bonnes pratiques<\/li>\n<\/ul>\n<p><img decoding=\"async\" class=\"size-medium wp-image-21588 aligncenter\" src=\"https:\/\/www.migrantech.org\/wp-content\/uploads\/2022\/02\/3619104-scaled-600x400.jpg\" alt=\"\" width=\"600\" height=\"400\" \/><\/p>\n<p style=\"text-align: center;\"><strong>Ce module a \u00e9t\u00e9 cr\u00e9\u00e9 par l&rsquo;AMSED.<\/strong><\/p>\n<p><img decoding=\"async\" class=\"alignnone size-full wp-image-20931 aligncenter\" src=\"https:\/\/www.migrantech.org\/wp-content\/uploads\/2022\/02\/logo-amsed-transparant.png\" alt=\"\" width=\"200\" height=\"89\" \/><\/p>\n","protected":false},"excerpt":{"rendered":"<p>Description ou pr\u00e9sentation: Dans ce module, nous allons d\u00e9montrer l\u2019importance de la communication interculturelle dans un contexte professionnel regroupant des personnes venant d\u2019horizons divers. Les diff\u00e9rences culturelles sont effectivement perceptibles dans le monde professionnel et plus particuli\u00e8rement en entreprise o\u00f9 &hellip; <\/p>\n","protected":false},"author":27,"featured_media":30914,"comment_status":"closed","ping_status":"closed","template":"","course_category":[59],"course_tag":[],"class_list":["post-30913","lp_course","type-lp_course","status-publish","has-post-thumbnail","hentry","course_category-communication-professionnelle","course"],"_links":{"self":[{"href":"https:\/\/www.migrantech.org\/fr\/wp-json\/wp\/v2\/lp_course\/30913","targetHints":{"allow":["GET"]}}],"collection":[{"href":"https:\/\/www.migrantech.org\/fr\/wp-json\/wp\/v2\/lp_course"}],"about":[{"href":"https:\/\/www.migrantech.org\/fr\/wp-json\/wp\/v2\/types\/lp_course"}],"author":[{"embeddable":true,"href":"https:\/\/www.migrantech.org\/fr\/wp-json\/wp\/v2\/users\/27"}],"replies":[{"embeddable":true,"href":"https:\/\/www.migrantech.org\/fr\/wp-json\/wp\/v2\/comments?post=30913"}],"version-history":[{"count":2,"href":"https:\/\/www.migrantech.org\/fr\/wp-json\/wp\/v2\/lp_course\/30913\/revisions"}],"predecessor-version":[{"id":34151,"href":"https:\/\/www.migrantech.org\/fr\/wp-json\/wp\/v2\/lp_course\/30913\/revisions\/34151"}],"wp:featuredmedia":[{"embeddable":true,"href":"https:\/\/www.migrantech.org\/fr\/wp-json\/wp\/v2\/media\/30914"}],"wp:attachment":[{"href":"https:\/\/www.migrantech.org\/fr\/wp-json\/wp\/v2\/media?parent=30913"}],"wp:term":[{"taxonomy":"course_category","embeddable":true,"href":"https:\/\/www.migrantech.org\/fr\/wp-json\/wp\/v2\/course_category?post=30913"},{"taxonomy":"course_tag","embeddable":true,"href":"https:\/\/www.migrantech.org\/fr\/wp-json\/wp\/v2\/course_tag?post=30913"}],"curies":[{"name":"wp","href":"https:\/\/api.w.org\/{rel}","templated":true}]}}

<p><img fetchpriority="high" decoding="async" class="size-medium wp-image-21587 aligncenter" src="https://www.migrantech.org/wp-content/uploads/2022/02/3501789-scaled-600x429.jpg" alt="" width="600" height="429" /></p>
<p><b>Description ou présentation:</b></p>
<p style="text-align: justify;"><span style="font-weight: 400;">Dans ce module, nous allons démontrer l’importance de la communication interculturelle dans un contexte professionnel regroupant des personnes venant d’horizons divers. Les différences culturelles sont effectivement perceptibles dans le monde professionnel et plus particulièrement en entreprise où les interactions sociales sont nombreuses et quotidiennes. Le but est de répondre aux défis liés à ces différences culturelles (barrières linguistiques, coutumes, langage corporel, attitudes, vision du monde…), lesquels peuvent devenir de potentiels sources de tensions/conflits en entreprise. </span></p>
<p>&nbsp;</p>
<p><b>Compétences à acquérir:</b></p>
<ul>
<li style="font-weight: 400;" aria-level="1"><span style="font-weight: 400;">Prendre conscience de la chance que représente l’interculturalité au sein de l’entreprise</span></li>
<li aria-level="1">Communiquer plus facilement dans son environnement professionnel</li>
<li style="font-weight: 400;" aria-level="1"><span style="font-weight: 400;">Se sentir plus à l’aise dans ses relations avec ses collègues et sa hiérarchie </span></li>
<li style="font-weight: 400;" aria-level="1"><span style="font-weight: 400;">Comprendre que les codes sociaux différent selon les pays et les cultures</span></li>
<li style="font-weight: 400;" aria-level="1"><span style="font-weight: 400;">Sortir de son référentiel culturel pour mieux comprendre comment agissent et réagissent les autres </span></li>
</ul>
<p>&nbsp;</p>
<p><b>Durée: </b><span style="font-weight: 400;">3 heures</span><b> </b></p>
<p>&nbsp;</p>
<p><strong>CONTENU ET OUTILS DE DEVELOPPEMENT : </strong></p>
<ul>
<li><strong>Section 1 :</strong> Qu’est que la communication interculturelle ?</li>
<li><strong>Section 2 :</strong> Pourquoi la communication interculturelle était-elle importante dans le monde de l’entreprise ?</li>
<li><strong>Section 3 :</strong> Quels les obstacles à la communication interculturelle ?</li>
<li><strong>Section 4 :</strong> Comment parler de ma culture et de ma vision des choses ? – la méthode de l&rsquo;interculturel en entreprise</li>
<li><strong>Section 5 :</strong> Quelques idées à appliquer au sein de son entreprise pour améliorer la communication interculturelle &#8211; bonnes pratiques</li>
</ul>
<p><img decoding="async" class="size-medium wp-image-21588 aligncenter" src="https://www.migrantech.org/wp-content/uploads/2022/02/3619104-scaled-600x400.jpg" alt="" width="600" height="400" /></p>
<p style="text-align: center;"><strong>Ce module a été créé par l&rsquo;AMSED.</strong></p>
<p><img decoding="async" class="alignnone size-full wp-image-20931 aligncenter" src="https://www.migrantech.org/wp-content/uploads/2022/02/logo-amsed-transparant.png" alt="" width="200" height="89" /></p>

<p>Description ou présentation: Dans ce module, nous allons démontrer l’importance de la communication interculturelle dans un contexte professionnel regroupant des personnes venant d’horizons divers. Les différences culturelles sont effectivement perceptibles dans le monde professionnel et plus particulièrement en entreprise où &hellip; </p>
